s f(u)?
4
Let z(m) = m**3 + 6*m**2 - 6. Suppose 30 = 3*a + 2*a. Let t be -1*(a - (-4 - -4)). Calculate z(t).
-6
Let h(c) = -10*c**2 + 1. Let j(d) = d + 8. Let g be j(-7). Suppose 0 = -4*a + 2*a. Suppose -s + g = -a. Calculate h(s).
-9
Let p(q) be the first derivative of -q**5/60 + q**4/3 - 7*q**3/6 + 21*q**2 + 34. Let d(t) be the second derivative of p(t). Calculate d(5).
8
Let v(h) = h**2. Let o(w) = -5*w**2 - w + 2. Let i(m) = -o(m) - 6*v(m). Suppose 2*u - 24 = -5*a, 2*a + u - 6 = 2*u. Suppose -2*c - 6 = -a*c. Calculate i(c).
-8
Let q(s) = -5*s**2 + s + 2. Let p(x) = -x**2 + 3*x - 1. Let v(r) = 3*r**2 - 7*r + 3. Let o(z) = -5*p(z) - 2*v(z). Let w(b) = -3*o(b) - q(b). Give w(-1).
7
Let q(h) = -h - 3. Let n be q(-2). Let u(i) = i - 1. Let p(c) = c**2 - 5. Let m(y) = n*p(y) + 2*u(y). Determine m(-2).
-5
Let c(g) = -4 - g - 25*g**2 + 26*g**2 + 4*g. Let f(w) = -w**3 + 11*w**2 - w - 2. Let s be f(11). Let d = 8 + s. Calculate c(d).
6
Let k = 489 - 498. Let a(b) = -b**2 - 6*b + 9. Calculate a(k).
-18
Let j = -1397 + 1406. Let o(h) = -h**3 + 9*h**2 - 2*h + 17. Determine o(j).
-1
Let u(g) = -g**2 + 5*g + 6. Suppose 59*o + 102 = 76*o. Determine u(o).
0
Let i(a) = -a**2 - a + 61. Let k be i(7). Let q(s) = -5*s. What is q(k)?
-25
Let a(q) be the third derivative of 3*q**5/10 - q**4/24 - q**3/3 + 308*q**2. Determine a(-1).
17
Let a(c) be the second derivative of c**5/20 - 7*c**4/12 - 5*c**3/6 - 5*c**2/2 - 48*c. Calculate a(7).
-40
Let q(x) = -3*x - 11. Let w(y) = -4*y**2 + 47*y + 7. Let c be w(12). What is q(c)?
4
Suppose 2*u + 73 = 81. Let t(h) be the second derivative of 1/2*h**u - 1/2*h**2 + 0 + 0*h**3 + 5*h. Give t(-1).
5
Let v = -2040 - -2038. Let a(m) = -14*m**2 + 3*m + 1. Determine a(v).
-61
Let b = 8 - 6. Suppose -b*n = -0*n - 4. Let d = n + 3. Let t(m) = m - 7. Give t(d).
-2
Let w(v) be the third derivative of 11*v**4/24 - v**3/6 + v**2. Suppose -23 = -163*y + 186*y. Determine w(y).
-12
Let f be (-1)/6 - 11/(-33). Let n(a) be the second derivative of 0 - f*a**3 - 7*a**2 + 7*a. Calculate n(0).
-14
Let s(l) = -26*l**3 - 2*l**2 + 1. Let a = -66 + 65. Calculate s(a).
25
Let o be 36/45 - (-33)/15. Let x(q) = 3 + 1 - 4*q + 5*q - 2. Calculate x(o).
5
Let b(o) = 2*o**2 + 3*o**3 + 6 - 4*o**2 - 1 - 7. Suppose 2*l - 4*p = 16, 17 = l + l - 5*p. Let r(s) = s - 4. Let t be r(l). Determine b(t).
14
Let g(a) = a**2 - 6*a + 2. Let z(r) = -13*r**2 - 6*r + 12 + 5*r**2 - r**3 + 0*r**3. Let s be z(-7). Give g(s).
-3
Let z(y) = -y**2 - 7*y + 3. Let w be z(-7). Let l(p) = 21 - p - p**3 - 11*p**2 + 10*p**2 - p**w + 3*p**3. Give l(0).
21
Let j(u) = -3*u**2 - 6. Let k(d) = -11*d**2 - d - 19. Let n(q) = -7*j(q) + 2*k(q). Give n(-3).
1
Let y(l) = -l**3 - 3*l**2 + 9*l + 21. Let i be y(-3). Let k(p) = p**3 + 6*p**2 + p + 1. Give k(i).
-5
Let y(p) = p**3 - 6*p**2 + 3*p + 2. Let h = -33 - -27. Let t be 8/h*((-9)/(-1))/(-3). What is y(t)?
-18
Suppose 0 = -2*o - 4*b + 16, -10*o + 8*o + 2*b + 4 = 0. Let i(s) be the first derivative of s**2/2 + 4*s - 7. Determine i(o).
8
Let d(b) = -6*b - 3. Suppose 3*x - 69 = -2*l, 3*l + 23 = x + 7*l. Let k = -14 + x. Suppose 3*y - 3 = -k. Calculate d(y).
9
Let b(s) = -s - 6. Suppose 0 = n - 4*n - 30. Let m be b(n). Let h(x) = -x + 4 + x**2 + 3*x + m*x. Calculate h(-6).
4
Let j = -79 - -85. Let c(q) = -5*q**2 - 6 - q**3 + q + 19 - j. Determine c(-5).
2
Let s(c) = c - 4. Let x be s(6). Let b(v) = -7*v**3 + 15*v - 9. Let k(o) = -o**3 + 2*o - 1. Let f(a) = -b(a) + 6*k(a). What is f(x)?
5
Let c(g) = 17 + 4*g**2 + g - 13 + g**3 + 0*g. Let t = 48 - 52. Give c(t).
0
Suppose -3*c + 6*c - 60 = 0. Let k(q) = c + 0*q + 4*q - 19. Give k(1).
5
Let k(f) be the third derivative of -f**6/120 - f**5/6 - f**4/6 - 7*f**3/6 - 421*f**2. What is k(-10)?
33
Let w(i) = 4*i - 12. Let v be w(0). Let t(q) = -q**2 - 10*q + 12. Determine t(v).
-12
Let i(h) = -h - 3. Let s = 52 - -30. Let a be 8/(-20) - s/(-5). Suppose 3*k = -k - a. Determine i(k).
1
Suppose 0 = -9*k + 1 + 26. Suppose -5*s + 3*f = -22, k*f = s - 3*s + 13. Let n(t) = t**3 - 6*t**2 + 6*t. Determine n(s).
5
Suppose -2*j = 23 - 29. Suppose -v + 10 = -4*n + 4, -j*n = v - 41. Let z = v + -33. Let q(p) = p**3 + 6*p**2 - 7*p + 10. What is q(z)?
10
Let w(s) = -4*s + 17. Let z(y) = 5*y - 18. Let m = 121 - 126. Let r(t) = m*z(t) - 6*w(t). Determine r(-10).
-2
Let i(s) = -5*s**2 + 5*s - 5. Let z(p) = -p**2 + p + 1. Let x(j) = -i(j) + 6*z(j). Give x(0).
11
Let v(o) = 2*o**2 + 12*o - 6*o + 100 - 3*o**2 - 105. Suppose -2*i + 13 = 1. Determine v(i).
-5
Suppose 1296 = -35*b - 109*b. Let f(t) = t**2 + 7*t - 12. Calculate f(b).
6
Suppose -2*d + 6 = -4*d. Let k(s) = -7*s + 8. Let w(c) = -14*c + 15. Let j(u) = -7*k(u) + 4*w(u). What is j(d)?
25
Let h be (-410)/(-45) + (-5)/45. Let a(l) = l**3 - 10*l**2 + 9*l + 4. Determine a(h).
4
Let u(m) = m**2 + 3*m + 4. Let z(i) = -5*i + 14. Let q(k) = k. Let g(w) = -6*q(w) - z(w). Let c be g(-11). Determine u(c).
4
Let z = 4 + 0. Let y = 10 - z. Let a(w) = 14 + 15 - 36 - w + 17. What is a(y)?
4
Let g = 2541 - 2546. Let n(m) = m**3 + 4*m**2 - 10*m - 17. Determine n(g).
8
Let a(n) = -2*n**3 - 10*n**2 + 5*n - 18. Let w(f) = f**3 + 3*f**2 - 3*f + 9. Let j(z) = -2*a(z) - 5*w(z). What is j(6)?
-15
Let g(t) = 89*t - 90*t - 5 - 3. Give g(-12).
4
Let s(p) = -4*p. Let h(b) = -28*b + 2. Let z(l) = 4*h(l) - 24*s(l). Let r(m) = 11*m - 5. Let x(f) = 7*r(f) + 5*z(f). Calculate x(4).
-7
Let u(w) = 9*w - 101. Let i(f) = 3*f - 29. Let z(b) = -7*i(b) + 2*u(b). Suppose 0 = -3*h + h + 2. Give z(h).
-2
Let s(n) be the third derivative of 7*n**4/24 + n**3/3 + 9*n**2 - 6. Determine s(-1).
-5
Let x(o) = o - 1. Let a(n) = n - 5*n**2 - n**3 + 2*n**2 - n**2 + 5 - 6*n**2. Let l be a(-10). What is x(l)?
-6
Let p(a) = a**2 + a. Let c(j) = -j**3 - 10*j**2 - 10*j. Let h(k) = -c(k) - 3*p(k). Let v be (-6)/(-14) - (38/7 - 5). Let o be 2*-2 - (v + 2). Determine h(o).
-6
Let q(m) be the third derivative of m**4/24 - 5*m**3/6 - 23*m**2 + 1. What is q(6)?
1
Let k(q) = 2*q - 3. Let r(z) = -2*z - 14. Let t be r(-9). Let v(d) = -d + 1. Let s(l) = t*k(l) + 7*v(l). Give s(-5).
-10
Let u(b) = b + 1. Let k be 4/22 + (-108)/(-11). Suppose -3 + k = -7*z. What is u(z)?
0
Let m(r) = 4*r + 4. Let j be m(-2). Let u(z) = -3*z**2 - 5*z - 7. Let n(s) = 4*s**2 + 4*s + 8. Let b(y) = -2*n(y) - 3*u(y). What is b(j)?
-7
Let j(u) = -2*u**3 + 20*u**2 - 15*u + 6. Let x(v) = -v**3 + 10*v**2 - 8*v + 3. Let w(n) = 2*j(n) - 5*x(n). What is w(9)?
6
Let x(t) = -t. Let g be (6/4)/(1199/176 - 7). Suppose -l + 52 = 3*l. Let o = g + l. Determine x(o).
-5
Suppose -2*i + 38 = -5*w, 2*w - 32 = 4*w - 5*i. Let g be (-162)/18*4/w. Let z(c) = c**3 - 6*c**2 - 2*c + 4. Calculate z(g).
-8
Let m(s) be the third derivative of -s**5/60 + 7*s**4/12 - 20*s**3/3 + 155*s**2. Give m(10).
0
Let v(o) be the second derivative of o**3/6 - 5*o**2/2 - 4*o. Suppose 46*z = 47*z. What is v(z)?
-5
Let d(y) = -25*y + 6. Let s(m) = 425*m - 100. Let f(l) = -50*d(l) - 3*s(l). Give f(1).
-25
Let a(g) = 0 + 4 - 3 - 3*g - 3*g. Suppose 0 = 6*d - 2*d - 16. Determine a(d).
-23
Let a(n) = -n**3 + 29*n**2 - 56*n + 58. Let g be a(27). Let b(h) = -h**3 + 5*h**2 - 9*h + 3. Determine b(g).
-17
Suppose 0 = -b - 2*a - 4, 0*b + 4*a = 2*b + 8. Let m(p) = 3*p - 5. Let g(i) = -3*i + 4. Let o(n) = b*g(n) - 3*m(n). Give o(3).
8
Suppose i - 665 = -3*r, -3*i + 5 = -8*i. Let y be 12/48 - r/(-8). Let f = 34 - y. Let n(v) = v**2 - 4*v - 3. What is n(f)?
9
Let y(f) = 40*f - 8. Let v(s) = -23*s + 3. Let q(n) = -7*v(n) - 4*y(n). Give q(4).
15
Let u(m) = m**2 - 3*m + 4. Let d(v) = v**2 + 12*v + 6. Let n(x) = x - 21. Let r be n(10). Let z be d(r). Let w = z - -9. Give u(w).
8
Suppose 5*h = -0*h - 15. Let a(x) = x**3 + 3*x - 2*x**2 - 2*x + 3*x**2 - 5*x. Determine a(h).
-6
Let y(b) = 1 + 5*b**2 + 2*b**2 + b + 0*b + 7*b**2 - b**2. Give y(-1).
13
Let z(u) = 10*u - 8. Let g(m) = -18*m + 14. Let q(t) = -4*g(t) - 7*z(t). Calculate q(-4).
-8
Let v be (-5 - (-2)/3)*3. Let d(x) = x**3 + 13*x**2 - x + 6. Calculate d(v).
19
Let f(n) be the third derivative of -7*n**6/360 + n**5/120 + n**4/4 - 17*n**2. Let l(m) be the second derivative of f(m). Calculate l(1).
-13
Suppose 3*g - 2*t - 4 = 2*g, -4*g = -t - 2. Suppose g*m + 24 = -4*m. Let h(l) = 10 - 3*l + l - 5*l + 8*l. What is h(m)?
4
Let q = 31 - 23. Suppose 5 = -p + s, s + 5 = -p 